{"id":5703,"date":"2022-12-15T14:19:18","date_gmt":"2022-12-15T14:19:18","guid":{"rendered":"https:\/\/clasesdemecanica.net\/?page_id=5703"},"modified":"2024-01-11T19:00:07","modified_gmt":"2024-01-11T19:00:07","slug":"componentes-rectangulares","status":"publish","type":"page","link":"https:\/\/clasesdemecanica.net\/index.php\/componentes-rectangulares\/","title":{"rendered":"Componentes Rectangulares"},"content":{"rendered":"\t\t<div data-elementor-type=\"wp-page\" data-elementor-id=\"5703\" class=\"elementor elementor-5703\" data-elementor-post-type=\"page\">\n\t\t\t\t\t\t<section class=\"elementor-section elementor-top-section elementor-element elementor-element-7b93dd3d elementor-section-content-middle elementor-section-full_width elementor-section-height-default elementor-section-height-default\" data-id=\"7b93dd3d\" data-element_type=\"section\" data-e-type=\"section\" data-settings=\"{&quot;background_background&quot;:&quot;classic&quot;}\">\n\t\t\t\t\t\t<div class=\"elementor-container elementor-column-gap-no\">\n\t\t\t\t\t<div class=\"elementor-column elementor-col-100 elementor-top-column elementor-element elementor-element-26c5d6ca\" data-id=\"26c5d6ca\" data-element_type=\"column\" data-e-type=\"column\">\n\t\t\t<div class=\"elementor-widget-wrap elementor-element-populated\">\n\t\t\t\t\t\t<div class=\"elementor-element elementor-element-71165c98 elementor-widget elementor-widget-heading\" data-id=\"71165c98\" data-element_type=\"widget\" data-e-type=\"widget\" data-widget_type=\"heading.default\">\n\t\t\t\t<div class=\"elementor-widget-container\">\n\t\t\t\t\t<h4 class=\"elementor-heading-title elementor-size-default\">COMPONENTES ORTOGONALES<\/h4>\t\t\t\t<\/div>\n\t\t\t\t<\/div>\n\t\t\t\t<div class=\"elementor-element elementor-element-7c69b017 elementor-widget-divider--separator-type-pattern elementor-widget-divider--no-spacing elementor-widget-divider--view-line elementor-widget elementor-widget-divider\" data-id=\"7c69b017\" data-element_type=\"widget\" data-e-type=\"widget\" data-widget_type=\"divider.default\">\n\t\t\t\t<div class=\"elementor-widget-container\">\n\t\t\t\t\t\t\t<div class=\"elementor-divider\" style=\"--divider-pattern-url: url(&quot;data:image\/svg+xml,%3Csvg xmlns=&#039;http:\/\/www.w3.org\/2000\/svg&#039; preserveAspectRatio=&#039;xMidYMid meet&#039; overflow=&#039;visible&#039; height=&#039;100%&#039; viewBox=&#039;0 0 120 26&#039; fill=&#039;black&#039; stroke=&#039;none&#039;%3E%3Cpolygon points=&#039;0,14.4 0,21 11.5,12.4 21.3,20 30.4,11.1 40.3,20 51,12.4 60.6,20 69.6,11.1 79.3,20 90.1,12.4 99.6,20 109.7,11.1 120,21 120,14.4 109.7,5 99.6,13 90.1,5 79.3,14.5 71,5.7 60.6,12.4 51,5 40.3,14.5 31.1,5 21.3,13 11.5,5 \t&#039;\/%3E%3C\/svg%3E&quot;);\">\n\t\t\t<span class=\"elementor-divider-separator\">\n\t\t\t\t\t\t<\/span>\n\t\t<\/div>\n\t\t\t\t\t\t<\/div>\n\t\t\t\t<\/div>\n\t\t\t\t<div class=\"elementor-element elementor-element-2c326b44 elementor-widget elementor-widget-text-editor\" data-id=\"2c326b44\" data-element_type=\"widget\" data-e-type=\"widget\" data-widget_type=\"text-editor.default\">\n\t\t\t\t<div class=\"elementor-widget-container\">\n\t\t\t\t\t\t\t\t\t<p>ORTHOGONAL COMPONENTS &#8211; STATIC OF PARTICLES<\/p>\t\t\t\t\t\t\t\t<\/div>\n\t\t\t\t<\/div>\n\t\t\t\t\t<\/div>\n\t\t<\/div>\n\t\t\t\t\t<\/div>\n\t\t<\/section>\n\t\t\t\t<section class=\"elementor-section elementor-top-section elementor-element elementor-element-af69177 elementor-section-boxed elementor-section-height-default elementor-section-height-default\" data-id=\"af69177\" data-element_type=\"section\" data-e-type=\"section\">\n\t\t\t\t\t\t<div class=\"elementor-container elementor-column-gap-default\">\n\t\t\t\t\t<div class=\"elementor-column elementor-col-100 elementor-top-column elementor-element elementor-element-90a6f1d\" data-id=\"90a6f1d\" data-element_type=\"column\" data-e-type=\"column\">\n\t\t\t<div class=\"elementor-widget-wrap elementor-element-populated\">\n\t\t\t\t\t\t<div class=\"elementor-element elementor-element-40b7cd2 elementor-widget elementor-widget-image\" data-id=\"40b7cd2\" data-element_type=\"widget\" data-e-type=\"widget\" data-widget_type=\"image.default\">\n\t\t\t\t<div class=\"elementor-widget-container\">\n\t\t\t\t\t\t\t\t\t\t\t\t\t\t\t<img fetchpriority=\"high\" decoding=\"async\" width=\"1920\" height=\"1756\" src=\"https:\/\/clasesdemecanica.net\/wp-content\/uploads\/2022\/12\/Componentes-Rectangulares-de-un-Vector-3D-a.jpg\" class=\"attachment-full size-full wp-image-5706\" alt=\"\" srcset=\"https:\/\/clasesdemecanica.net\/wp-content\/uploads\/2022\/12\/Componentes-Rectangulares-de-un-Vector-3D-a.jpg 1920w, https:\/\/clasesdemecanica.net\/wp-content\/uploads\/2022\/12\/Componentes-Rectangulares-de-un-Vector-3D-a-300x274.jpg 300w, https:\/\/clasesdemecanica.net\/wp-content\/uploads\/2022\/12\/Componentes-Rectangulares-de-un-Vector-3D-a-1024x937.jpg 1024w, https:\/\/clasesdemecanica.net\/wp-content\/uploads\/2022\/12\/Componentes-Rectangulares-de-un-Vector-3D-a-768x702.jpg 768w, https:\/\/clasesdemecanica.net\/wp-content\/uploads\/2022\/12\/Componentes-Rectangulares-de-un-Vector-3D-a-1536x1405.jpg 1536w, https:\/\/clasesdemecanica.net\/wp-content\/uploads\/2022\/12\/Componentes-Rectangulares-de-un-Vector-3D-a-2048x1873.jpg 2048w\" sizes=\"(max-width: 1920px) 100vw, 1920px\" \/>\t\t\t\t\t\t\t\t\t\t\t\t\t\t\t<\/div>\n\t\t\t\t<\/div>\n\t\t\t\t\t<\/div>\n\t\t<\/div>\n\t\t\t\t\t<\/div>\n\t\t<\/section>\n\t\t\t\t<section class=\"elementor-section elementor-top-section elementor-element elementor-element-42a76ee elementor-section-boxed elementor-section-height-default elementor-section-height-default\" data-id=\"42a76ee\" data-element_type=\"section\" data-e-type=\"section\">\n\t\t\t\t\t\t<div class=\"elementor-container elementor-column-gap-default\">\n\t\t\t\t\t<div class=\"elementor-column elementor-col-100 elementor-top-column elementor-element elementor-element-899fca3\" data-id=\"899fca3\" data-element_type=\"column\" data-e-type=\"column\">\n\t\t\t<div class=\"elementor-widget-wrap elementor-element-populated\">\n\t\t\t\t\t\t<div class=\"elementor-element elementor-element-a2a2a6e elementor-widget elementor-widget-image\" data-id=\"a2a2a6e\" data-element_type=\"widget\" data-e-type=\"widget\" data-widget_type=\"image.default\">\n\t\t\t\t<div class=\"elementor-widget-container\">\n\t\t\t\t\t\t\t\t\t\t\t\t\t\t\t<img decoding=\"async\" width=\"1920\" height=\"1262\" src=\"https:\/\/clasesdemecanica.net\/wp-content\/uploads\/2022\/12\/Componentes-Rectangulares-de-un-Vector-3D-b.jpg\" class=\"attachment-full size-full wp-image-5705\" alt=\"\" srcset=\"https:\/\/clasesdemecanica.net\/wp-content\/uploads\/2022\/12\/Componentes-Rectangulares-de-un-Vector-3D-b.jpg 1920w, https:\/\/clasesdemecanica.net\/wp-content\/uploads\/2022\/12\/Componentes-Rectangulares-de-un-Vector-3D-b-300x197.jpg 300w, https:\/\/clasesdemecanica.net\/wp-content\/uploads\/2022\/12\/Componentes-Rectangulares-de-un-Vector-3D-b-1024x673.jpg 1024w, https:\/\/clasesdemecanica.net\/wp-content\/uploads\/2022\/12\/Componentes-Rectangulares-de-un-Vector-3D-b-768x505.jpg 768w, https:\/\/clasesdemecanica.net\/wp-content\/uploads\/2022\/12\/Componentes-Rectangulares-de-un-Vector-3D-b-1536x1010.jpg 1536w, https:\/\/clasesdemecanica.net\/wp-content\/uploads\/2022\/12\/Componentes-Rectangulares-de-un-Vector-3D-b-2048x1347.jpg 2048w\" sizes=\"(max-width: 1920px) 100vw, 1920px\" \/>\t\t\t\t\t\t\t\t\t\t\t\t\t\t\t<\/div>\n\t\t\t\t<\/div>\n\t\t\t\t\t<\/div>\n\t\t<\/div>\n\t\t\t\t\t<\/div>\n\t\t<\/section>\n\t\t\t\t<section class=\"elementor-section elementor-top-section elementor-element elementor-element-5e78972 elementor-section-boxed elementor-section-height-default elementor-section-height-default\" data-id=\"5e78972\" data-element_type=\"section\" data-e-type=\"section\">\n\t\t\t\t\t\t<div class=\"elementor-container elementor-column-gap-default\">\n\t\t\t\t\t<div class=\"elementor-column elementor-col-100 elementor-top-column elementor-element elementor-element-c617bfe\" data-id=\"c617bfe\" data-element_type=\"column\" data-e-type=\"column\">\n\t\t\t<div class=\"elementor-widget-wrap elementor-element-populated\">\n\t\t\t\t\t\t<div class=\"elementor-element elementor-element-a052187 elementor-widget elementor-widget-image\" data-id=\"a052187\" data-element_type=\"widget\" data-e-type=\"widget\" data-widget_type=\"image.default\">\n\t\t\t\t<div class=\"elementor-widget-container\">\n\t\t\t\t\t\t\t\t\t\t\t\t\t\t\t<img decoding=\"async\" width=\"1920\" height=\"503\" src=\"https:\/\/clasesdemecanica.net\/wp-content\/uploads\/2022\/12\/Magnitud-de-un-vector-3D-scaled.jpg\" class=\"attachment-full size-full wp-image-5707\" alt=\"\" srcset=\"https:\/\/clasesdemecanica.net\/wp-content\/uploads\/2022\/12\/Magnitud-de-un-vector-3D-scaled.jpg 1920w, https:\/\/clasesdemecanica.net\/wp-content\/uploads\/2022\/12\/Magnitud-de-un-vector-3D-300x79.jpg 300w, https:\/\/clasesdemecanica.net\/wp-content\/uploads\/2022\/12\/Magnitud-de-un-vector-3D-1024x269.jpg 1024w, https:\/\/clasesdemecanica.net\/wp-content\/uploads\/2022\/12\/Magnitud-de-un-vector-3D-768x201.jpg 768w, https:\/\/clasesdemecanica.net\/wp-content\/uploads\/2022\/12\/Magnitud-de-un-vector-3D-1536x403.jpg 1536w, https:\/\/clasesdemecanica.net\/wp-content\/uploads\/2022\/12\/Magnitud-de-un-vector-3D-2048x537.jpg 2048w\" sizes=\"(max-width: 1920px) 100vw, 1920px\" \/>\t\t\t\t\t\t\t\t\t\t\t\t\t\t\t<\/div>\n\t\t\t\t<\/div>\n\t\t\t\t\t<\/div>\n\t\t<\/div>\n\t\t\t\t\t<\/div>\n\t\t<\/section>\n\t\t\t\t<section class=\"elementor-section elementor-top-section elementor-element elementor-element-8e21a81 elementor-section-boxed elementor-section-height-default elementor-section-height-default\" data-id=\"8e21a81\" data-element_type=\"section\" data-e-type=\"section\">\n\t\t\t\t\t\t<div class=\"elementor-container elementor-column-gap-default\">\n\t\t\t\t\t<div class=\"elementor-column elementor-col-100 elementor-top-column elementor-element elementor-element-c2a4754\" data-id=\"c2a4754\" data-element_type=\"column\" data-e-type=\"column\">\n\t\t\t<div class=\"elementor-widget-wrap elementor-element-populated\">\n\t\t\t\t\t\t<div class=\"elementor-element elementor-element-dd1ad44 elementor-widget-divider--view-line elementor-widget elementor-widget-divider\" data-id=\"dd1ad44\" data-element_type=\"widget\" data-e-type=\"widget\" data-widget_type=\"divider.default\">\n\t\t\t\t<div class=\"elementor-widget-container\">\n\t\t\t\t\t\t\t<div class=\"elementor-divider\">\n\t\t\t<span class=\"elementor-divider-separator\">\n\t\t\t\t\t\t<\/span>\n\t\t<\/div>\n\t\t\t\t\t\t<\/div>\n\t\t\t\t<\/div>\n\t\t\t\t<section class=\"elementor-section elementor-inner-section elementor-element elementor-element-5a75def elementor-section-boxed elementor-section-height-default elementor-section-height-default\" data-id=\"5a75def\" data-element_type=\"section\" data-e-type=\"section\">\n\t\t\t\t\t\t<div class=\"elementor-container elementor-column-gap-default\">\n\t\t\t\t\t<div class=\"elementor-column elementor-col-50 elementor-inner-column elementor-element elementor-element-e8b76f2\" data-id=\"e8b76f2\" data-element_type=\"column\" data-e-type=\"column\">\n\t\t\t<div class=\"elementor-widget-wrap elementor-element-populated\">\n\t\t\t\t\t\t<div class=\"elementor-element elementor-element-ac14b8b elementor-widget elementor-widget-heading\" data-id=\"ac14b8b\" data-element_type=\"widget\" data-e-type=\"widget\" data-widget_type=\"heading.default\">\n\t\t\t\t<div class=\"elementor-widget-container\">\n\t\t\t\t\t<h3 class=\"elementor-heading-title elementor-size-default\">Ejemplo del calculo de componentes utilizando vector unitario.<\/h3>\t\t\t\t<\/div>\n\t\t\t\t<\/div>\n\t\t\t\t<div class=\"elementor-element elementor-element-0d8c0a0 elementor-widget elementor-widget-text-editor\" data-id=\"0d8c0a0\" data-element_type=\"widget\" data-e-type=\"widget\" data-widget_type=\"text-editor.default\">\n\t\t\t\t<div class=\"elementor-widget-container\">\n\t\t\t\t\t\t\t\t\t<p>2.88 Para el marco y el cable del problema 2.87, determine las componentes de la fuerza ejercida por el cable sobre el soporte en E.<\/p><p>2.87 Un marco ABC est\u00e1 sostenido en parte por el cable DBE, el cual pasa a trav\u00e9s de un anillo sin fricci\u00f3n en B. Si se sabe que la tensi\u00f3n en el cable es de 385 N, determine las\u00a0 componentes de la fuerza ejercida por el cable sobre el soporte en D.<\/p>\t\t\t\t\t\t\t\t<\/div>\n\t\t\t\t<\/div>\n\t\t\t\t\t<\/div>\n\t\t<\/div>\n\t\t\t\t<div class=\"elementor-column elementor-col-50 elementor-inner-column elementor-element elementor-element-1073e9d\" data-id=\"1073e9d\" data-element_type=\"column\" data-e-type=\"column\">\n\t\t\t<div class=\"elementor-widget-wrap elementor-element-populated\">\n\t\t\t\t\t\t<div class=\"elementor-element elementor-element-cef6a44 elementor-widget elementor-widget-video\" data-id=\"cef6a44\" data-element_type=\"widget\" data-e-type=\"widget\" data-settings=\"{&quot;youtube_url&quot;:&quot;https:\\\/\\\/youtu.be\\\/nQE744UD940&quot;,&quot;video_type&quot;:&quot;youtube&quot;,&quot;controls&quot;:&quot;yes&quot;}\" data-widget_type=\"video.default\">\n\t\t\t\t<div class=\"elementor-widget-container\">\n\t\t\t\t\t\t\t<div class=\"elementor-wrapper elementor-open-inline\">\n\t\t\t<div class=\"elementor-video\"><\/div>\t\t<\/div>\n\t\t\t\t\t\t<\/div>\n\t\t\t\t<\/div>\n\t\t\t\t\t<\/div>\n\t\t<\/div>\n\t\t\t\t\t<\/div>\n\t\t<\/section>\n\t\t\t\t\t<\/div>\n\t\t<\/div>\n\t\t\t\t\t<\/div>\n\t\t<\/section>\n\t\t\t\t<\/div>\n\t\t","protected":false},"excerpt":{"rendered":"<p>COMPONENTES ORTOGONALES ORTHOGONAL COMPONENTS &#8211; STATIC OF PARTICLES Ejemplo del calculo de componentes utilizando vector unitario. 2.88 Para el marco y el cable del problema 2.87, determine las componentes de la fuerza ejercida por el cable sobre el soporte en E. 2.87 Un marco ABC est\u00e1 sostenido en parte por el cable DBE, el cual [&hellip;]<\/p>\n","protected":false},"author":1,"featured_media":0,"parent":0,"menu_order":0,"comment_status":"closed","ping_status":"closed","template":"","meta":{"footnotes":""},"class_list":["post-5703","page","type-page","status-publish","hentry"],"_links":{"self":[{"href":"https:\/\/clasesdemecanica.net\/index.php\/wp-json\/wp\/v2\/pages\/5703","targetHints":{"allow":["GET"]}}],"collection":[{"href":"https:\/\/clasesdemecanica.net\/index.php\/wp-json\/wp\/v2\/pages"}],"about":[{"href":"https:\/\/clasesdemecanica.net\/index.php\/wp-json\/wp\/v2\/types\/page"}],"author":[{"embeddable":true,"href":"https:\/\/clasesdemecanica.net\/index.php\/wp-json\/wp\/v2\/users\/1"}],"replies":[{"embeddable":true,"href":"https:\/\/clasesdemecanica.net\/index.php\/wp-json\/wp\/v2\/comments?post=5703"}],"version-history":[{"count":10,"href":"https:\/\/clasesdemecanica.net\/index.php\/wp-json\/wp\/v2\/pages\/5703\/revisions"}],"predecessor-version":[{"id":7873,"href":"https:\/\/clasesdemecanica.net\/index.php\/wp-json\/wp\/v2\/pages\/5703\/revisions\/7873"}],"wp:attachment":[{"href":"https:\/\/clasesdemecanica.net\/index.php\/wp-json\/wp\/v2\/media?parent=5703"}],"curies":[{"name":"wp","href":"https:\/\/api.w.org\/{rel}","templated":true}]}}